rt 3121 (base 4) to base 13.
139
-104 (base 5) to base 9
-32
What is -19 (base 14) in base 7?
-32
Convert 57 (base 11) to base 4.
332
-1032 (base 4) to base 7
-141
-1 (base 7) to base 13
-1
Convert 110 (base 2) to base 12.
6
-11101 (base 2) to base 7
-41
-21 (base 4) to base 12
-9
Convert -1 (base 11) to base 5.
-1
What is 33 (base 6) in base 5?
41
What is 3 (base 4) in base 13?
3
Convert 1 (base 7) to base 13.
1
What is 220 (base 7) in base 3?
11011
What is -4 (base 16) in base 4?
-10
Convert 6 (base 8) to base 4.
12
What is -7 (base 11) in base 14?
-7
-303 (base 4) to base 8
-63
101 (base 2) to base 10
5
Convert 10b (base 14) to base 3.
21200
Convert 1011 (base 2) to base 6.
15
Convert -1 (base 3) to base 2.
-1
101100 (base 2) to base 5
134
What is 120 (base 3) in base 4?
33
What is 2 (base 5) in base 3?
2
Convert c (base 13) to base 2.
1100
What is -48 (base 13) in base 3?
-2020
-33 (base 4) to base 8
-17
12 (base 9) to base 4
23
What is 13 (base 10) in base 13?
10
What is 1321 (base 4) in base 6?
321
What is -165 (base 8) in base 12?
-99
6c (base 13) to base 5
330
-13 (base 5) to base 7
-11
100 (base 3) to base 12
9
What is 3 (base 12) in base 6?
3
What is -1 (base 7) in base 2?
-1
What is 1 (base 8) in base 2?
1
Convert -15 (base 13) to base 16.
-12
-1 (base 5) to base 14
-1
Convert -4 (base 15) to base 6.
-4
301 (base 4) to base 9
54
4 (base 13) to base 6
4
Convert 3 (base 5) to base 2.
11
11 (base 16) to base 13
14
21 (base 13) to base 8
33
Convert 1 (base 15) to base 12.
1
What is 10 (base 6) in base 16?
6
What is 30 (base 6) in base 14?
14
-11 (base 3) to base 11
-4
Convert -14 (base 16) to base 13.
-17
What is -33 (base 11) in base 13?
-2a
What is 7 (base 13) in base 8?
7
What is -8 (base 14) in base 13?
-8
What is 2 (base 8) in base 11?
2
1 (base 4) to base 5
1
Convert 14 (base 5) to base 2.
1001
12 (base 5) to base 8
7
Convert 16 (base 7) to base 16.
d
0 (base 4) to base 8
0
-1 (base 16) to base 8
-1
What is -1a (base 11) in base 16?
-15
3 (base 13) to base 16
3
3 (base 14) to base 12
3
What is 21 (base 11) in base 6?
35
Convert 3 (base 13) to base 11.
3
What is 13 (base 6) in base 8?
11
What is -12 (base 4) in base 13?
-6
-56 (base 8) to base 3
-1201
Convert 12 (base 11) to base 10.
13
-201 (base 3) to base 7
-25
What is -179 (base 12) in base 2?
-11101101
10 (base 5) to base 15
5
Convert 11100101 (base 2) to base 13.
148
Convert -36 (base 11) to base 15.
-29
What is -67 (base 13) in base 16?
-55
What is 8b (base 15) in base 13?
a1
a (base 11) to base 8
12
1121 (base 3) to base 6
111
What is -45 (base 7) in base 6?
-53
What is -45 (base 6) in base 12?
-25
Convert 4 (base 8) to base 13.
4
14 (base 6) to base 3
101
Convert 1201 (base 3) to base 14.
34
Convert -1011 (base 2) to base 14.
-b
Convert 202 (base 3) to base 16.
14
11 (base 5) to base 3
20
What is bc (base 13) in base 9?
182
Convert 1d (base 16) to base 2.
11101
What is 188 (base 10) in base 3?
20222
Convert 0 (base 4) to base 11.
0
Convert 113 (base 4) to base 11.
21
What is -15 (base 6) in base 16?
-b
Convert -3 (base 14) to base 15.
-3
What is 8 (base 9) in base 6?
12
Convert -53 (base 7) to base 4.
-212
What is -1b (base 15) in base 6?
-42
Convert c0 (base 16) to base 11.
165
Convert -10 (base 2) to base 16.
-2
-3 (base 8) to base 7
-3
102 (base 3) to base 12
b
20 (base 11) to base 16
16
What is 0 (base 8) in base 10?
0
0 (base 8) to base 9
0
What is 4 (base 11) in base 14?
4
Convert -1120 (base 6) to base 10.
-264
Convert 4 (base 7) to base 8.
4
Convert 52 (base 15) to base 3.
2212
Convert -9 (base 12) to base 16.
-9
Convert -1 (base 6) to base 5.
-1
Convert -232 (base 10) to base 7.
-451
What is -1a (base 11) in base 3?
-210
What is -20 (base 5) in base 10?
-10
23 (base 10) to base 8
27
Convert 1 (base 2) to base 16.
1
-8 (base 15) to base 14
-8
Convert -11 (base 12) to base 5.
-23
What is -1 (base 12) in base 4?
-1
Convert 201 (base 5) to base 4.
303
-14 (base 6) to base 9
-11
Convert 11 (base 9) to base 10.
10
What is 3 (base 6) in base 11?
3
3 (base 4) to base 10
3
What is 7 (base 15) in base 12?
7
Convert -2 (base 15) to base 9.
-2
20022 (base 3) to base 16
aa
17 (base 10) to base 12
15
3 (base 14) to base 2
11
b5 (base 14) to base 10
159
What is -3 (base 6) in base 2?
-11
What is 120 (base 9) in base 2?
1100011
What is -100011 (base 2) in base 16?
-23
What is -11 (base 4) in base 16?
-5
Convert 322 (base 8) to base 4.
3102
Convert 80 (base 13) to base 7.
206
What is -1100001 (base 2) in base 8?
-141
What is 2 (base 8) in base 4?
2
-121 (base 3) to base 11
-15
What is 4 (base 14) in base 7?
4
What is 331 (base 6) in base 3?
11201
Convert -34 (base 11) to base 13.
-2b
What is -1 (base 7) in base 9?
-1
10 (base 4) to base 12
4
-13 (base 12) to base 11
-14
What is 3 (base 14) in base 12?
3
What is -103 (base 6) in base 9?
-43
Convert 10 (base 7) to base 16.
7
0 (base 12) to base 13
0
What is 8 (base 15) in base 9?
8
e (base 15) to base 4
32
What is 121 (base 8) in base 12?
69
Convert -24 (base 7) to base 3.
-200
0 (base 4) to base 2
0
Convert 2 (base 6) to base 12.
2
Convert 55 (base 13) to base 15.
4a
Convert 5 (base 15) to base 2.
101
Convert -221 (base 4) to base 8.
-51
What is 23 (base 4) in base 9?
12
Convert 10 (base 2) to base 6.
2
Convert 8 (base 16) to base 14.
8
1 (base 5) to base 8
1
What is 132 (base 6) in base 14?
40
What is 32 (base 6) in base 11?
19
-1 (base 4) to base 16
-1
-110010 (base 2) to base 11
-46
2 (base 16) to base 4
2
-19 (base 12) to base 11
-1a
Convert 330 (base 10) to base 13.
1c5
Convert -21 (base 3) to base 4.
-13
-7 (base 16) to base 8
-7
Convert -10 (base 13) to base 8.
-15
What is -5 (base 10) in base 6?
-5
Convert 0 (base 11) to base 10.
0
What is 3 (base 10) in base 8?
3
Convert -30 (base 6) to base 7.
-24
What is -4 (base 14) in base 9?
-4
Convert -45 (base 11) to base 16.
-31
Convert 3 (base 11) to base 5.
3
What is 10 (base 9) in base 11?
9
What is 20 (base 7) in base 11?
13
What is -1010 (base 3) in base 5?
-110
10 (base 6) to base 7
6
What is 110 (base 2) in base 5?
11
5 (base 16) to base 11
5
Convert 0 (base 4) to base 5.
0
Convert 4 (base 15) to base 10.
4
What is -125 (base 6) in base 12?
-45
-21 (base 4) to base 7
-12
What is -1a (base 12) in base 8?
-26
What is 1 (base 16) in base 12?
1
1 (base 3) to base 12
1
What is 69 (base 10) in base 12?
59
Convert 40 (base 13) to base 6.
124
Convert 54 (base 10) to base 6.
130
What is 3a (base 14) in base 16?
34
What is 0 (base 12) in base 3?
0
Convert -26 (base 11) to base 9.
-31
Convert -1055 (base 6) to base 3.
-100022
Convert 1004 (base 7) to base 10.
347
What is -7 (base 13) in base 16?
-7
0 (base 10) to base 14
0
145 (base 13) to base 14
122
-1222 (base 3) to base 10
-53
Convert -16c (base 13) to base 16.
-103
Convert 1020 (base 4) to base 8.
110
What is -b (base 14) in base 11?
-10
Convert 45 (base 8) to base 4.
211
-1 (base 15) to base 12
-1
-22 (base 14) to base 8
-36
Convert -3 (base 14) to base 4.
-3
Convert -111 (base 2) to base 13.
-7
What is -cd (base 15) in base 12?
-141
What is -1 (base 10) in base 4?
-1
-18 (base 13) to base 11
-1a
What is -39 (base 12) in base 7?
-63
What is -11 (base 12) in base 8?
-15
Convert -12 (base 4) to base 16.
-6
What is 6 (base 16) in base 10?
6
What is -15 (base 12) in base 3?
-122
-35 (base 6) to base 12
-1b
-51 (base 15) to base 7
-136
22 (base 5) to base 8
14
37 (base 10) to base 8
45
-35 (base 7) to base 4
-122
What is -3 (base 14) in base 5?
-3
What is -11 (base 9) in base 8?
-12
What is -212 (base 4) in base 11?
-35
What is -49 (base 10) in base 4?
-301
53 (base 15) to base 3
2220
What is 10221 (base 3) in base 7?
211
Convert 7 (base 14) to base 16.
7
Convert -30 (base 8) to base 13.
-1b
-10 (base 12) to base 5
-22
Convert 4 (base 6) to base 9.
4
Convert -1 (base 6) to base 11.
-1
Convert -3 (base 15) to base 10.
-3
-5 (base 9) to base 16
-5
What is -17 (base 15) in base 4?
-112
Convert -2 (base 9) to base 16.
-2
What is -1010111 (base 2) in base 16?
-57
Convert 10 (base 11) to base 5.
21
Convert 55 (base 10) to base 8.
67
Convert -15b (base 15) to base 16.
-137
-111 (base 3) to base 6
-21
8 (base 13) to base 14
8
Convert 8 (base 12) to base 9.
8
3 (base 5) to base 3
10
What is 1 (base 13) in base 4?
1
What is 0 (base 9) in b